eatest common divisor of 117 and 1092?
39
What is the greatest common divisor of 1395 and 2511?
279
Calculate the highest common factor of 132 and 594.
66
Calculate the highest common factor of 432 and 3600.
144
Calculate the greatest common divisor of 4172 and 28.
28
Calculate the highest common factor of 462 and 2354.
22
Calculate the greatest common divisor of 181 and 7783.
181
Calculate the greatest common factor of 59 and 27553.
59
What is the greatest common divisor of 4188 and 12?
12
What is the highest common factor of 184 and 88?
8
Calculate the highest common divisor of 5460 and 1911.
273
What is the highest common divisor of 144 and 342?
18
Calculate the highest common divisor of 15 and 501.
3
Calculate the greatest common divisor of 6 and 2229.
3
What is the highest common divisor of 35 and 560?
35
What is the greatest common factor of 682 and 22?
22
What is the greatest common divisor of 111 and 592?
37
What is the highest common divisor of 305 and 244?
61
Calculate the highest common divisor of 1192 and 32.
8
Calculate the highest common factor of 756 and 28.
28
What is the highest common divisor of 3374 and 42?
14
Calculate the highest common factor of 531 and 59.
59
What is the greatest common divisor of 15490 and 20?
10
What is the greatest common factor of 6950 and 50?
50
What is the greatest common factor of 117 and 18?
9
What is the highest common divisor of 192 and 16960?
64
What is the greatest common divisor of 1605 and 107?
107
Calculate the greatest common divisor of 28 and 45836.
28
Calculate the greatest common factor of 9 and 1089.
9
What is the highest common factor of 675 and 459?
27
Calculate the highest common factor of 3096 and 72.
72
What is the highest common divisor of 693 and 105?
21
Calculate the greatest common divisor of 105 and 1260.
105
Calculate the greatest common factor of 4 and 3.
1
What is the greatest common divisor of 104 and 247?
13
Calculate the greatest common divisor of 12875 and 515.
515
Calculate the greatest common divisor of 972 and 300.
12
Calculate the highest common divisor of 60 and 180.
60
Calculate the greatest common divisor of 8 and 184.
8
What is the highest common divisor of 737 and 88?
11
Calculate the highest common factor of 16 and 464.
16
Calculate the greatest common divisor of 448 and 42.
14
Calculate the greatest common divisor of 50 and 38650.
50
Calculate the highest common divisor of 1276 and 1067.
11
What is the highest common divisor of 1407 and 189?
21
Calculate the greatest common divisor of 22 and 814.
22
What is the highest common factor of 238 and 34?
34
What is the greatest common divisor of 17 and 1921?
17
Calculate the highest common factor of 1926 and 684.
18
Calculate the highest common divisor of 1284 and 12.
12
Calculate the greatest common factor of 263 and 3.
1
What is the highest common divisor of 1008 and 28?
28
What is the greatest common factor of 187 and 22?
11
Calculate the greatest common divisor of 740 and 160.
20
Calculate the greatest common divisor of 5 and 205.
5
Calculate the greatest common factor of 4 and 216.
4
Calculate the highest common factor of 348 and 435.
87
Calculate the highest common divisor of 336 and 1491.
21
What is the highest common divisor of 5268 and 12?
12
Calculate the greatest common factor of 17 and 119.
17
What is the highest common factor of 60 and 85?
5
Calculate the greatest common divisor of 131 and 9.
1
Calculate the highest common factor of 46430 and 10.
10
What is the greatest common factor of 36 and 8508?
12
What is the highest common factor of 72575 and 50?
25
What is the highest common divisor of 1863 and 2592?
81
What is the greatest common factor of 14189 and 7?
7
Calculate the greatest common divisor of 38 and 19.
19
Calculate the highest common divisor of 249 and 83.
83
What is the greatest common divisor of 55 and 187?
11
What is the greatest common divisor of 1450 and 250?
50
What is the highest common divisor of 3379 and 155?
31
What is the greatest common factor of 9 and 1?
1
What is the greatest common factor of 1425 and 85?
5
What is the highest common factor of 2970 and 44?
22
What is the highest common divisor of 40 and 185?
5
What is the greatest common factor of 80 and 1080?
40
What is the highest common factor of 8281 and 1859?
169
Calculate the highest common factor of 20 and 190.
10
Calculate the greatest common factor of 560 and 448.
112
Calculate the highest common divisor of 9 and 3639.
3
What is the highest common factor of 1 and 937?
1
What is the greatest common factor of 501 and 3?
3
What is the highest common divisor of 1062 and 472?
118
What is the greatest common factor of 74 and 2?
2
What is the highest common factor of 894 and 6?
6
Calculate the highest common factor of 31095 and 45.
45
What is the greatest common divisor of 103 and 824?
103
What is the greatest common factor of 3239 and 82?
41
Calculate the greatest common factor of 1044 and 588.
12
Calculate the highest common divisor of 54 and 4842.
18
What is the greatest common factor of 744 and 408?
24
Calculate the greatest common divisor of 36 and 27.
9
What is the greatest common divisor of 2359 and 7?
7
Calculate the greatest common divisor of 89 and 9701.
89
What is the highest common divisor of 156 and 9984?
156
Calculate the greatest common factor of 130 and 20.
10
Calculate the highest common divisor of 660 and 1248.
12
What is the highest common factor of 15 and 40?
5
What is the greatest common divisor of 144 and 80?
16
What is the highest common factor of 98 and 1323?
49
Calculate the highest common divisor of 20 and 1250.
10
What is the greatest common factor of 20 and 5450?
10
Calculate the greatest common factor of 552 and 48.
24
Calculate the greatest common divisor of 182 and 14.
14
Calculate the highest common divisor of 406 and 116.
58
Calculate the highest common divisor of 1105 and 260.
65
Calculate the highest common divisor of 2482 and 34.
34
Calculate the highest common factor of 192 and 6.
6
Calculate the highest common factor of 240 and 176.
16
What is the highest common factor of 159 and 7791?
159
Calculate the greatest common factor of 291 and 3.
3
Calculate the highest common divisor of 529 and 345.
23
What is the highest common factor of 325 and 26?
13
Calculate the highest common factor of 213 and 497.
71
What is the highest common divisor of 170 and 10?
10
Calculate the highest common divisor of 342 and 931.
19
What is the highest common factor of 7984 and 16?
16
What is the highest common divisor of 1148 and 196?
28
Calculate the greatest common divisor of 525 and 300.
75
What is the greatest common factor of 3145 and 136?
17
What is the greatest common divisor of 800 and 6880?
160
Calculate the greatest common divisor of 52 and 3055.
13
Calculate the greatest common divisor of 36 and 2007.
9
What is the highest common factor of 8 and 232?
8
Calculate the highest common factor of 166 and 249.
83
What is the greatest common divisor of 486 and 9774?
54
Calculate the greatest common divisor of 3397 and 79.
79
What is the greatest common divisor of 105 and 189?
21
What is the highest common divisor of 2883 and 651?
93
Calculate the highest common divisor of 810 and 4410.
90
Calculate the greatest common divisor of 280 and 35.
35
Calculate the greatest common factor of 12 and 100.
4
What is the greatest common factor of 10 and 2?
2
What is the greatest common factor of 18 and 72?
18
Calculate the greatest common factor of 1566 and 27.
27
What is the greatest common factor of 3 and 112?
1
Calculate the highest common factor of 56 and 16940.
28
Calculate the greatest common divisor of 234 and 3874.
26
What is the greatest common divisor of 1246 and 14?
14
What is the greatest common divisor of 775 and 31?
31
What is the greatest common divisor of 120 and 1305?
15
Calculate the highest common divisor of 192 and 10320.
48
What is the highest common divisor of 3 and 637?
1
Calculate the greatest common divisor of 104 and 26.
26
Calculate the highest common factor of 55 and 1650.
55
Calculate the greatest common factor of 60 and 15.
15
What is the highest common divisor of 3 and 96?
3
What is the greatest common divisor of 15 and 435?
15
What is the highest common divisor of 48 and 7536?
48
Calc